eds digit of l?
2
Suppose 46*t - 1670 - 60338 = 0. What is the tens digit of t?
4
Suppose 2*b - 12858 - 6346 = 0. What is the thousands digit of b?
9
Suppose 25*q - 35922 - 3103 = 0. What is the units digit of q?
1
Let g(n) = 126*n**2 + 52*n - 370. What is the tens digit of g(-12)?
5
Let p = 10490 - 3762. Suppose -3*m + p = 5*m. What is the hundreds digit of m?
8
Let w(d) = 19*d**2 - 19*d + 25. Let q(o) = 6*o**3 + 11*o - 12. Let g be q(1). What is the hundreds digit of w(g)?
4
Let d = -73 + -217. Let b = d - -539. What is the units digit of b?
9
Suppose -y + 6167 = f, -2*f + 14*y + 12319 = 13*y. What is the units digit of f?
2
Let f(w) = -25*w + 3. Let k be f(-2). Let n = k + -18. Let s = 65 - n. What is the tens digit of s?
3
Let o = -18272 + 23686. What is the thousands digit of o?
5
Let p = -231 - -245. What is the tens digit of 7/(p/24) - -4?
1
Suppose -73*c = -12011 - 180271. What is the thousands digit of c?
2
Suppose -5*a + 2*g + 13 = -6, 3*a = -3*g + 3. Suppose w - 52 = -3*w. Suppose -2*t = -4*f + w + 33, 5*t - 28 = -a*f. What is the units digit of f?
1
Let n(l) = 21*l**3 + l**2 - 3*l + 3. Suppose 0 = 80*f - 82*f + 4. What is the units digit of n(f)?
9
Let j = 22 + 6. Suppose 0*i + j = 2*i - 4*k, 0 = 2*k + 10. Suppose 7*d - 3*l = i*d + 174, 151 = 2*d + 5*l. What is the tens digit of d?
6
Suppose 3*z = -4*k + 8547, -k - 167*z + 2141 = -162*z. What is the hundreds digit of k?
1
Let p = -44 + 344. Suppose 1395 - p = 5*f. What is the units digit of f?
9
Suppose x + 482 = 113. Let r = 836 + x. What is the hundreds digit of r?
4
Suppose -3*i + 128661 = 6*a - a, 0 = -i - 3*a + 42883. What is the thousands digit of i?
2
Let j be (-2 - (-55354)/10) + 153/255. Let m = j + -3940. What is the units digit of m?
4
Let j = 12754 + -8974. What is the tens digit of j?
8
Let b be 6/(-1 - 116/(-124)). Let g(d) = -4*d**2 + 3*d - 9. Let z be g(2). Let n = z - b. What is the tens digit of n?
7
Suppose 4*j = -z - 2*z - 50, 60 = -5*j - 5*z. What is the hundreds digit of 10*(116/j)/(3/(-21))?
5
Let a be 1/(25/(-75) - 7/(-12)). Suppose 0 = -a*i + 740 - 188. What is the units digit of i?
8
Suppose -18*v - 513 = -27*v. Let b = 235 - v. What is the units digit of b?
8
Suppose -13*m - 25 = -18*m. Suppose -m*n + 96 - 31 = 0. Suppose 0 = 12*c - n*c + 1. What is the units digit of c?
1
Suppose -28 = -3*s + 2*n, -5*s + 36 = -4*n + 6*n. What is the units digit of 869/5 - 2/20*s?
3
Let a(g) = -4*g + 2*g - 65*g**2 - g**3 + 71*g**2. Let f be a(5). What is the tens digit of (-4)/(-5) + 3528/f?
3
Suppose 2*d + 166*z = -d + 169*z + 88602, -z = 0. What is the tens digit of d?
3
Let b(z) = -z**3 - 40*z**2 + 92*z - 94. What is the units digit of b(-45)?
1
Let m(p) = -p**3 + 22*p**2 - 7*p + 14. Let q be m(19). Let a = -468 + q. What is the tens digit of a?
9
Let t = -54 + 54. Suppose 3*b + 0*b - 2*b = t. Suppose b*d - 3*d = r - 339, -4*r - 12 = 0. What is the hundreds digit of d?
1
Let m be 192 + (26 - 26)*(-1)/2. Suppose -c - m + 663 = 0. What is the hundreds digit of c?
4
Let b = 12750 - -3622. What is the hundreds digit of b?
3
What is the units digit of 3 - (-285)/7 - (-60)/210?
4
Let s = -9869 + 13963. What is the hundreds digit of s?
0
Suppose 14*o - 40 = -12. Let p(y) = 107*y**3 - y**2 + 6*y - 1. What is the tens digit of p(o)?
6
Suppose -600642 = 12*f - 14*f - 40*f. What is the units digit of f?
1
Let b be (-42)/(-9)*2*3. Let u be ((-4)/(-6))/((-5)/((-30)/(-4))). What is the hundreds digit of b/21*((-2 - -87) + u)?
1
Let b(t) = -7 - 26 + 1 - 5*t. Let x be b(-7). Suppose -2*i + 5*q = x*q - 86, -5*q - 98 = -2*i. What is the units digit of i?
9
What is the hundreds digit of (1133 - 1/1)*(374 + -369)?
6
Let r = -91 + 92. Suppose -b + 2*t - r = -2*b, -t = 3*b - 13. Suppose -3*p = 3*u - 153, p + 3*p = -b*u + 256. What is the units digit of u?
2
What is the thousands digit of ((-2736)/54)/19*23307/(-4)?
5
Let n(g) = g**2 - 66*g + 97. Let i be n(31). Let w = -254 - i. What is the hundreds digit of w?
7
Let w = 17008 + -5158. What is the tens digit of w?
5
Let h(l) = l**3 - 6*l + 20. Let b be h(5). Suppose -2*q + 1233 = -b. What is the hundreds digit of q?
6
Let h be 1 + -5 + (7 + 1)*1. Suppose -h*l + 2188 = 4*j, -3*j + l - 1645 = -6*j. What is the hundreds digit of j?
5
Suppose 4*k = 6*k. Suppose k = 14*n - 12*n - 4. Suppose 2*p + n*p + 2*i - 72 = 0, 3*p - 54 = -5*i. What is the units digit of p?
8
Let c = -15 - 5. Let v = -27 - c. Let x(l) = -7*l - 4. What is the tens digit of x(v)?
4
Let c(t) = -t**3 + 3*t**2 + t - 2. Suppose -2*h = -5*h + 6. Let z be c(h). Suppose -5*b = -3*a + 104, 0*a - a = z*b - 46. What is the tens digit of a?
3
Suppose 0 = 5*s - 2*u + u - 34, 2*s - 5*u - 32 = 0. Suppose -128*w = 34*w + 27*w. Suppose -5*b + s*b - 71 = w. What is the tens digit of b?
7
Let o be 1 + -2 - ((-6)/3 + -3). Suppose 0 = -2*g - 3*q + 781, -5*g + 3*g - o*q + 786 = 0. What is the hundreds digit of g?
3
Suppose -2*j + 12058 = -2*s, 20*s - 30145 = -5*j + 18*s. What is the thousands digit of j?
6
Let f(m) = m**3 + 98*m**2 + 292*m - 1359. What is the units digit of f(-92)?
1
Let r = 36 - 36. Suppose 5*b - 3 = m, -5*b = -3*m - r*m + 1. Suppose -107 = -m*j - 11. What is the tens digit of j?
4
Suppose 13*u = -307 - 213. What is the units digit of ((-15)/25 + -3)/(3/u)?
8
What is the thousands digit of 142/213*(0 - 45345)*1/(-2)?
5
Suppose 5*o - 53 = 22. Let b be ((-1)/5)/(o/(-150)). Suppose 42 = -b*a + 9*a. What is the units digit of a?
6
Suppose 0 = -2*d - 18, -370*t = -365*t - 2*d - 147878. What is the ten thousands digit of t?
2
Let w be (-124 - 1) + 6 + (5 - 6). What is the units digit of w/36*3/2 - -44?
9
Let r(u) = -3*u**3 - 5*u**2 - 2*u + 10. Let f be 2/((-99)/(-18) - 6). What is the tens digit of r(f)?
3
Suppose 6*y + 2 = -118. What is the units digit of -2 - (8/y - (-98)/(-5))?
8
Let g = -383 + 388. Suppose 0*r - 3*b = -r + 695, 3419 = g*r - b. What is the hundreds digit of r?
6
Let k = -82 - -192. Suppose 443 = q + m, -3*q - k = 5*m - 1435. What is the hundreds digit of q?
4
Let h = 297 - 295. Suppose -3227 = -2*m + 2*k - 1119, 0 = -h*m - 5*k + 2087. What is the hundreds digit of m?
0
Let m(l) = -l**3 + 25*l**2 + 9*l + 16. Let q be 3/2*((-106)/(-6) - 1). What is the hundreds digit of m(q)?
2
Let t = 35399 + -19987. What is the thousands digit of t?
5
Let p(r) = -192*r**3 + 2*r**2 + 5*r + 2. Let z be p(-2). Suppose 7*c - 11*c = -z. What is the hundreds digit of c?
3
Suppose -25*c + 12044 = -24*c + 2*d, 0 = 3*d + 15. What is the units digit of c?
4
Suppose -53 = -4*a - 49. Let t be (5 - 3)/(a/6). Suppose -7*q = -t*q + 285. What is the tens digit of q?
5
Let z be ((-2)/3)/(6/1899). Let t(o) = -17*o + 57. Let r be t(10). Let q = r - z. What is the units digit of q?
8
Let j(s) = -3593*s + 2585. What is the hundreds digit of j(-7)?
7
Let f(d) = -16*d**3 - 2*d**2 + 10*d - 12. What is the hundreds digit of f(-7)?
3
Let s = -12029 + 44518. What is the tens digit of s?
8
Suppose 0 = -2*p + 6, 0 = -0*g - 2*g + 2*p + 102. Suppose 9*b + g = 18. What is the units digit of (-1 - -5) + b - -71?
1
Let w = 142 + -1116. Let o = w + 2022. What is the thousands digit of o?
1
Suppose 2*z = -30*z + 82720. Suppose 5*p - z = -2*s, 2*s + 811 = 3*p - 724. What is the tens digit of p?
1
Let c be (-392498)/(-24) + (-15)/180. Suppose 0 = 16*m + 10*m - c. What is the hundreds digit of m?
6
Let p(i) = 32*i**2 + 92*i - 1109. What is the units digit of p(23)?
5
Let d = 8342 + -771. What is the hundreds digit of d?
5
What is the thousands digit of (15780/(-75) + -6)/(2/(-10))?
1
Let o = 1821 + 5322. What is the hundreds digit of o?
1
Let r(g) = -g**3 - 9*g**2 - g + 10511. What is the ten thousands digit of r(0)?
1
Suppose -4*i + 20 - 76 = 0. Let b be (i/1)/((-6)/(-4) + -1). What is the units digit of (b/6 + 0)*24/(-2)?
6
Let h(v) = 183*v**3 - 3*v**2 + 10*v + 23. Let c be h(-2). Let b = 2212 + c. What is the units digit of b?
9
Let n(s) = 8 + 54 + 308*s - 253*s. What is the units digit of n(4)?
2
Let d = -1106 - -1752. Let v = d + -372. What is the units digit of v?
4
Let p = -940 + -473. Let h = p + 2728. What is the tens digit of h?
1
Let o be (-2 + 1)/(1/(-7)). Let k(q) = 3*q**2 - 18*q - 10. Let v be k(o). Let i = v - -38. What is the tens digit of i?
4
Suppose -7*v + 42 = 2*m, 30 = 2*v + 3*v + 4*m. What is 